{"id":584,"date":"2015-09-16T13:55:21","date_gmt":"2015-09-16T13:55:21","guid":{"rendered":"http:\/\/edicao2015.angrajazz.com\/?page_id=584"},"modified":"2019-03-08T18:00:08","modified_gmt":"2019-03-08T18:00:08","slug":"orquestra-angrajazz","status":"publish","type":"page","link":"https:\/\/edicao2019.angrajazz.com\/en\/orquestra-angrajazz\/","title":{"rendered":"Orchestra Angrajazz"},"content":{"rendered":"<div class=\"wpb-content-wrapper\">[vc_row full_width=&#8221;stretch_row&#8221; css=&#8221;.vc_custom_1500731597643{margin-top: 0px !important;margin-right: 0px !important;margin-bottom: 0px !important;margin-left: 0px !important;padding-top: 0px !important;padding-bottom: 0px !important;background-color: #ffffff !important;}&#8221;][vc_column css=&#8221;.vc_custom_1500731569746{margin: 0px !important;padding: 0px !important;}&#8221;][vc_column_text css=&#8221;.vc_custom_1500731612373{margin-bottom: 0px !important;}&#8221;]<img decoding=\"async\" src=\"http:\/\/www.angrajazz.com\/wp-content\/uploads\/2015\/09\/patrocinadores-orquetra.jpg\" \/>[\/vc_column_text][\/vc_column][\/vc_row][vc_row][vc_column][vc_raw_html]JTNDaWZyYW1lJTIwd2lkdGglM0QlMjIxMDAlMjUlMjIlMjBoZWlnaHQlM0QlMjI0MjAlMjIlMjBzdHlsZSUzRCUyMndpZHRoJTNBMTAwJTI1JTNCJTIwaGVpZ2h0JTNBNDIwcHglM0IlMjAlMjAlMjAlMjAlMjBwb3NpdGlvbiUzQSUyMHJlbGF0aXZlJTNCJTIyJTIwc3JjJTNEJTIyaHR0cHMlM0ElMkYlMkZ3d3cueW91dHViZS5jb20lMkZlbWJlZCUyRkNWR0R2SE1wUWs0JTNGcmVsJTNEMCUyNmFtcCUzQnNob3dpbmZvJTNEMCUyMiUyMGZyYW1lYm9yZGVyJTNEJTIyMCUyMiUyMGFsbG93JTNEJTIyYXV0b3BsYXklM0IlMjBlbmNyeXB0ZWQtbWVkaWElMjIlMjBhbGxvd2Z1bGxzY3JlZW4lM0UlM0MlMkZpZnJhbWUlM0U=[\/vc_raw_html][\/vc_column][\/vc_row][vc_row][vc_column][vc_column_text]Angrajazz Orchestra is a training\/work-in-progress project held by the Cultural Association Angrajazz.\u00a0 Constituted in July 2002 and formed mainly by Terceira Island\u2019s born musicians, the Orchestra gave its first concert at the 4th Angrajazz.\u00a0 Claus Nymark and Peter Moreira have been the Orchestra\u2019s musical directors, from the beginning.<\/p>\n<p>The Orchestra has played with many well known Portuguese jazz musicians such as Paula Oliveira, M\u00e1rio Laginha, Z\u00e9 Eduardo Afonso Pais, M\u00e1rio Barreiros, Hugo Alves, Lu\u00eds Cunha, Paulo Gaspar and Ricardo Toscano.\u00a0 Apart from numerous concerts in Terceira Island, the Orchestra has performed in Lisbon for five times, twice in Funchal, and in the islands of S\u00e3o Jorge, S\u00e3o Miguel, Graciosa and Faial.<\/p>\n<p>Throughout its existence, Angrajazz Orchestra has carried on monthly working sessions with its musical directors, and also with the guest musicians that have been featured at the Festival.\u00a0 This fact has made Angrajazz Orchestra become the main \u201cjazz school\u201d in the Azores. \u00a0Together, the Angrajazz Orchestra and the Festival, can be considered as the main and most important means of unveiling the jazz music in the Azores.<\/p>\n<p>In the year of 2015 the Angrajazz Orchestra participated in the cultural program \u201cLisboa na Rua\u201d organized by the Lisbon EGEAC\/Cultura agency and by Hot Clube de Portugal.\u00a0 The Orchestra was part of the cycle \u201cThe Art of the Big Band \u2013 5 Jazz Orchestras\u201d.<\/p>\n<p>At the 18\u00ba Angrajazz, the Orchestra performed, for the first time in Portugal, the integral of \u201cThe Far East Suite\u201d written by the great jazz musician Duke Ellington.\u00a0 In that occasion the Orchestra featured two very important Portuguese jazz musicians &#8211; clarinetist Paulo Gaspar and saxophonist Ricardo Toscano. \u00a0In 2017 the Orchestra played with great success this same program at Teatro Micaelense (S. Miguel) and at Teatro Baltazar Diaz (Funchal).<\/p>\n<p>The Orchestra has released two CDs \u2013&#8221;Angrajazz Orchestra with Paula Oliveira&#8221; (2006) and \u201cAngrajazz\u201d (2018).<\/p>\n<p>&nbsp;<\/p>\n<p>In this 21\u00ba Angrajazz, the Orchestra will perform a program based on the contemporaneous Portuguese jazz.<\/p>\n<h2 class=\"cor\">MEMBERS<\/h2>\n[\/vc_column_text][vc_row_inner][vc_column_inner width=&#8221;1\/3&#8243;][vc_column_text]<strong>Claus Nymark\u00a0<\/strong>. direction<br \/>\n<strong>Pedro Moreira\u00a0<\/strong>. direction<\/p>\n<p><strong>Davide Corvelo<\/strong>\u00a0. high sax<br \/>\n<strong>Filipe Gil<\/strong>\u00a0. high sax<br \/>\n<strong>Rui Borba<\/strong>\u00a0. high sax<br \/>\n<strong>Rui Melo<\/strong>\u00a0. tenor sax<br \/>\n<strong>Mauro Louren\u00e7o<\/strong>\u00a0. tenor sax[\/vc_column_text][\/vc_column_inner][vc_column_inner width=&#8221;1\/3&#8243;][vc_column_text]<strong>Jos\u00e9 P. Pires<\/strong>\u00a0. baritone sax<br \/>\n<strong>Paulo Borges<\/strong>\u00a0. trompet<br \/>\n<strong>Br\u00e1ulio Brito<\/strong>\u00a0. trompet<br \/>\n<strong>Roberto Rosa<\/strong>\u00a0. trompet<br \/>\n<strong>S\u00e9rgio Cabral<\/strong>\u00a0. trompet<br \/>\n<strong>Rodrigo Lucas<\/strong>\u00a0. trombone<br \/>\n<strong>M\u00e1rio Melo\u00a0<\/strong>. trombone[\/vc_column_text][\/vc_column_inner][vc_column_inner width=&#8221;1\/3&#8243;][vc_column_text]<strong>Manuel Almeida<\/strong>\u00a0. trombone<br \/>\n<strong>Edgar Marques<\/strong>\u00a0. french horn<br \/>\n<strong>Gon\u00e7alo Ormonde<\/strong>\u00a0. french horn<br \/>\n<strong>Antonella Barletta<\/strong>\u00a0. piano<br \/>\n<strong>Nivaldo Sousa<\/strong>\u00a0. guitar<br \/>\n<strong>Paulo Cunha<\/strong>\u00a0. contrabass<br \/>\n<strong>Nuno Pinheiro<\/strong>\u00a0. drum[\/vc_column_text][\/vc_column_inner][\/vc_row_inner][\/vc_column][\/vc_row]\n<\/div>","protected":false},"excerpt":{"rendered":"<p>[vc_row full_width=&#8221;stretch_row&#8221; css=&#8221;.vc_custom_1500731597643{margin-top: 0px !important;margin-right: 0px !important;margin-bottom: 0px !important;margin-left: 0px !important;padding-top: 0px !important;padding-bottom: 0px !important;background-color: #ffffff !important;}&#8221;][vc_column css=&#8221;.vc_custom_1500731569746{margin: 0px !important;padding: 0px !important;}&#8221;][vc_column_text css=&#8221;.vc_custom_1500731612373{margin-bottom: 0px !important;}&#8221;][\/vc_column_text][\/vc_column][\/vc_row][vc_row][vc_column][vc_raw_html]JTNDaWZyYW1lJTIwd2lkdGglM0QlMjIxMDAlMjUlMjIlMjBoZWlnaHQlM0QlMjI0MjAlMjIlMjBzdHlsZSUzRCUyMndpZHRoJTNBMTAwJTI1JTNCJTIwaGVpZ2h0JTNBNDIwcHglM0IlMjAlMjAlMjAlMjAlMjBwb3NpdGlvbiUzQSUyMHJlbGF0aXZlJTNCJTIyJTIwc3JjJTNEJTIyaHR0cHMlM0ElMkYlMkZ3d3cueW91dHViZS5jb20lMkZlbWJlZCUyRkNWR0R2SE1wUWs0JTNGcmVsJTNEMCUyNmFtcCUzQnNob3dpbmZvJTNEMCUyMiUyMGZyYW1lYm9yZGVyJTNEJTIyMCUyMiUyMGFsbG93JTNEJTIyYXV0b3BsYXklM0IlMjBlbmNyeXB0ZWQtbWVkaWElMjIlMjBhbGxvd2Z1bGxzY3JlZW4lM0UlM0MlMkZpZnJhbWUlM0U=[\/vc_raw_html][\/vc_column][\/vc_row][vc_row][vc_column][vc_column_text]Angrajazz Orchestra is a training\/work-in-progress project held by the Cultural Association Angrajazz.\u00a0 Constituted in July 2002 and formed mainly by Terceira Island\u2019s born musicians, the Orchestra gave its first concert at [&hellip;]<\/p>\n","protected":false},"author":1,"featured_media":0,"parent":0,"menu_order":0,"comment_status":"closed","ping_status":"closed","template":"","meta":{"footnotes":"","_links_to":"","_links_to_target":""},"class_list":["post-584","page","type-page","status-publish","hentry"],"translation":{"provider":"WPGlobus","version":"3.0.0","language":"en","enabled_languages":["pt","en"],"languages":{"pt":{"title":true,"content":true,"excerpt":false},"en":{"title":true,"content":true,"excerpt":false}}},"_links":{"self":[{"href":"https:\/\/edicao2019.angrajazz.com\/en\/wp-json\/wp\/v2\/pages\/584","targetHints":{"allow":["GET"]}}],"collection":[{"href":"https:\/\/edicao2019.angrajazz.com\/en\/wp-json\/wp\/v2\/pages"}],"about":[{"href":"https:\/\/edicao2019.angrajazz.com\/en\/wp-json\/wp\/v2\/types\/page"}],"author":[{"embeddable":true,"href":"https:\/\/edicao2019.angrajazz.com\/en\/wp-json\/wp\/v2\/users\/1"}],"replies":[{"embeddable":true,"href":"https:\/\/edicao2019.angrajazz.com\/en\/wp-json\/wp\/v2\/comments?post=584"}],"version-history":[{"count":75,"href":"https:\/\/edicao2019.angrajazz.com\/en\/wp-json\/wp\/v2\/pages\/584\/revisions"}],"predecessor-version":[{"id":2443,"href":"https:\/\/edicao2019.angrajazz.com\/en\/wp-json\/wp\/v2\/pages\/584\/revisions\/2443"}],"wp:attachment":[{"href":"https:\/\/edicao2019.angrajazz.com\/en\/wp-json\/wp\/v2\/media?parent=584"}],"curies":[{"name":"wp","href":"https:\/\/api.w.org\/{rel}","templated":true}]}}

<div class="wpb-content-wrapper">[vc_row full_width=&#8221;stretch_row&#8221; css=&#8221;.vc_custom_1500731597643{margin-top: 0px !important;margin-right: 0px !important;margin-bottom: 0px !important;margin-left: 0px !important;padding-top: 0px !important;padding-bottom: 0px !important;background-color: #ffffff !important;}&#8221;][vc_column css=&#8221;.vc_custom_1500731569746{margin: 0px !important;padding: 0px !important;}&#8221;][vc_column_text css=&#8221;.vc_custom_1500731612373{margin-bottom: 0px !important;}&#8221;]<img decoding="async" src="http://www.angrajazz.com/wp-content/uploads/2015/09/patrocinadores-orquetra.jpg" />[/vc_column_text][/vc_column][/vc_row][vc_row][vc_column][vc_raw_html]JTNDaWZyYW1lJTIwd2lkdGglM0QlMjIxMDAlMjUlMjIlMjBoZWlnaHQlM0QlMjI0MjAlMjIlMjBzdHlsZSUzRCUyMndpZHRoJTNBMTAwJTI1JTNCJTIwaGVpZ2h0JTNBNDIwcHglM0IlMjAlMjAlMjAlMjAlMjBwb3NpdGlvbiUzQSUyMHJlbGF0aXZlJTNCJTIyJTIwc3JjJTNEJTIyaHR0cHMlM0ElMkYlMkZ3d3cueW91dHViZS5jb20lMkZlbWJlZCUyRkNWR0R2SE1wUWs0JTNGcmVsJTNEMCUyNmFtcCUzQnNob3dpbmZvJTNEMCUyMiUyMGZyYW1lYm9yZGVyJTNEJTIyMCUyMiUyMGFsbG93JTNEJTIyYXV0b3BsYXklM0IlMjBlbmNyeXB0ZWQtbWVkaWElMjIlMjBhbGxvd2Z1bGxzY3JlZW4lM0UlM0MlMkZpZnJhbWUlM0U=[/vc_raw_html][/vc_column][/vc_row][vc_row][vc_column][vc_column_text]Angrajazz Orchestra is a training/work-in-progress project held by the Cultural Association Angrajazz.  Constituted in July 2002 and formed mainly by Terceira Island’s born musicians, the Orchestra gave its first concert at the 4th Angrajazz.  Claus Nymark and Peter Moreira have been the Orchestra’s musical directors, from the beginning.</p>
<p>The Orchestra has played with many well known Portuguese jazz musicians such as Paula Oliveira, Mário Laginha, Zé Eduardo Afonso Pais, Mário Barreiros, Hugo Alves, Luís Cunha, Paulo Gaspar and Ricardo Toscano.  Apart from numerous concerts in Terceira Island, the Orchestra has performed in Lisbon for five times, twice in Funchal, and in the islands of São Jorge, São Miguel, Graciosa and Faial.</p>
<p>Throughout its existence, Angrajazz Orchestra has carried on monthly working sessions with its musical directors, and also with the guest musicians that have been featured at the Festival.  This fact has made Angrajazz Orchestra become the main “jazz school” in the Azores.  Together, the Angrajazz Orchestra and the Festival, can be considered as the main and most important means of unveiling the jazz music in the Azores.</p>
<p>In the year of 2015 the Angrajazz Orchestra participated in the cultural program “Lisboa na Rua” organized by the Lisbon EGEAC/Cultura agency and by Hot Clube de Portugal.  The Orchestra was part of the cycle “The Art of the Big Band – 5 Jazz Orchestras”.</p>
<p>At the 18º Angrajazz, the Orchestra performed, for the first time in Portugal, the integral of “The Far East Suite” written by the great jazz musician Duke Ellington.  In that occasion the Orchestra featured two very important Portuguese jazz musicians &#8211; clarinetist Paulo Gaspar and saxophonist Ricardo Toscano.  In 2017 the Orchestra played with great success this same program at Teatro Micaelense (S. Miguel) and at Teatro Baltazar Diaz (Funchal).</p>
<p>The Orchestra has released two CDs –&#8221;Angrajazz Orchestra with Paula Oliveira&#8221; (2006) and “Angrajazz” (2018).</p>
<p>&nbsp;</p>
<p>In this 21º Angrajazz, the Orchestra will perform a program based on the contemporaneous Portuguese jazz.</p>
<h2 class="cor">MEMBERS</h2>
[/vc_column_text][vc_row_inner][vc_column_inner width=&#8221;1/3&#8243;][vc_column_text]<strong>Claus Nymark </strong>. direction<br />
<strong>Pedro Moreira </strong>. direction</p>
<p><strong>Davide Corvelo</strong> . high sax<br />
<strong>Filipe Gil</strong> . high sax<br />
<strong>Rui Borba</strong> . high sax<br />
<strong>Rui Melo</strong> . tenor sax<br />
<strong>Mauro Lourenço</strong> . tenor sax[/vc_column_text][/vc_column_inner][vc_column_inner width=&#8221;1/3&#8243;][vc_column_text]<strong>José P. Pires</strong> . baritone sax<br />
<strong>Paulo Borges</strong> . trompet<br />
<strong>Bráulio Brito</strong> . trompet<br />
<strong>Roberto Rosa</strong> . trompet<br />
<strong>Sérgio Cabral</strong> . trompet<br />
<strong>Rodrigo Lucas</strong> . trombone<br />
<strong>Mário Melo </strong>. trombone[/vc_column_text][/vc_column_inner][vc_column_inner width=&#8221;1/3&#8243;][vc_column_text]<strong>Manuel Almeida</strong> . trombone<br />
<strong>Edgar Marques</strong> . french horn<br />
<strong>Gonçalo Ormonde</strong> . french horn<br />
<strong>Antonella Barletta</strong> . piano<br />
<strong>Nivaldo Sousa</strong> . guitar<br />
<strong>Paulo Cunha</strong> . contrabass<br />
<strong>Nuno Pinheiro</strong> . drum[/vc_column_text][/vc_column_inner][/vc_row_inner][/vc_column][/vc_row]
</div>
